f o?
4
Let l be (-24)/(-6)*5/(-2). What is the units digit of 75/l*(-8)/10?
6
Let t(c) = -c**3 + 6*c**2 - 3*c - 1. Let h be t(5). Let y(g) = -g**2 + g + 2. Let l be y(-2). What is the units digit of 2 + l/1 + h?
7
Suppose j = -5*j + 2322. What is the units digit of j?
7
Let c = -14 + 9. What is the units digit of (-39)/c - 7/(-35)?
8
Let a(c) = 58*c - 67. What is the units digit of a(5)?
3
Let j(c) = -7*c + 4. Let w(v) = -8*v + 5. Let i(g) = 4*j(g) - 3*w(g). Let d be i(-1). Suppose -31 - 49 = -d*o. What is the tens digit of o?
1
Suppose -5*z = -3*i - 21 - 37, 0 = -i - 2*z - 1. Let g(y) = -5*y**3 + 11*y + 12*y**2 + 5*y**3 + y**3 + 14. What is the tens digit of g(i)?
1
Let u be (-3 - -6) + 8 - 1. Suppose -17 = 4*v - 6*v + 5*p, 5*v + 5*p + u = 0. What is the units digit of v?
1
Suppose 0 = 5*b - 0*c + 5*c - 255, 2*b = c + 96. What is the tens digit of b?
4
Let y be (1*-3 - -2)*-4. What is the units digit of 1/y - (-78)/8?
0
Let g = 0 - 1. Let o(r) = -11*r**3 + 2*r**2 + r. What is the tens digit of o(g)?
1
Let s be ((-140)/(-2))/2 - 1. Suppose 0 = -m - m. Suppose d - 3*i - s = m, 69 = 5*d + i - 21. What is the units digit of d?
9
Let l be -1 - (-2 + 1)*3. Suppose -2*h + 2 = -l. Suppose -2*w - 5*o + 28 = -w, -4 = -h*w + 3*o. What is the units digit of w?
8
Let y = 109 + -64. What is the tens digit of y?
4
Let t(x) = 3*x**2 + 2*x - 4. Let q be 1 - (-4 + 8) - 1. What is the tens digit of t(q)?
3
Suppose -2*s + 42 = 3*m - 139, 2*s - 59 = -m. What is the tens digit of m?
6
Let v = -11 + 15. Let n = -11 + v. Let r = n - -15. What is the units digit of r?
8
Suppose -2*c + 3*c - 20 = 0. Let i be ((-12)/c)/(1/5). Let x(v) = -2*v - 1. What is the units digit of x(i)?
5
Let b = -15 + 18. Suppose -5 = -b*o + 10. What is the units digit of o?
5
Let n be (-1 + -1)/((-1)/2). Suppose -2*y + y + n = 0. What is the units digit of (0 + 2/8)*y?
1
What is the units digit of 606/8 - 24/32?
5
Suppose 4*i - 5*i - 3*s + 36 = 0, -i = 4*s - 31. What is the tens digit of i?
5
Let i(b) = -5*b + 7. Let g = -5 + 2. What is the tens digit of i(g)?
2
Suppose 56 = 12*q - 5*q. What is the units digit of q?
8
Suppose 2*p + 4 = -3*c - 0, -14 = -2*c + 2*p. Suppose 0 = -y + c, 0 = 3*m - 6*m - 4*y + 2. Let h(q) = -3*q - 2. What is the units digit of h(m)?
4
Let a be (3/(-6))/1*22. Let d = 1 - a. Let f = d + -4. What is the units digit of f?
8
Let b(n) be the second derivative of 5*n**3/6 - n**2/2 + 3*n. What is the units digit of b(2)?
9
Let d(b) = 15*b - 7. Let l be d(5). Suppose 3*s = 4*z - s - l, -2*s + 57 = 5*z. What is the tens digit of z?
1
Suppose -2*i - 3*b = -3, 0*b - 3 = -3*b. Suppose -4*z - 8 = -5*w + 3, i = z - 5*w + 14. What is the units digit of z/(1*(-2)/(-8))?
4
Let r = 70 + -40. What is the tens digit of r/2 + (-2 - -1)?
1
Let i be 4 - (1 + -1) - -56. Suppose -v + i = 3*v. What is the tens digit of v?
1
Suppose 5*k = 2*k + 54. What is the units digit of k?
8
Let r(f) = 2*f**3 - f**2 - 3*f + 3. Let v be (-2)/(-5) + (-16)/(-10). What is the units digit of r(v)?
9
Let z(s) = s**3 - 6*s**2 + 3*s - 9. Let j be 1/(14/6 + -2). Suppose -30 = -j*b + 3*a, -3*b = -a + 6 - 28. What is the units digit of z(b)?
9
Let d(g) = -g**3 - 8*g**2 - 3*g - 3. Suppose -2*v - 4*q + 1 = 33, v - 2*q = 0. What is the tens digit of d(v)?
2
What is the units digit of ((-2)/(-4))/((-12)/(-1368))?
7
What is the tens digit of (478/(-4))/(4/(-8))?
3
Suppose 89 = 5*z - 4*z. What is the units digit of z?
9
Let w(k) be the third derivative of -k**6/120 - k**5/30 + k**4/12 - k**3/2 + k**2. Let y be w(-3). What is the units digit of y + 0 + 1 + 3?
4
Let b(p) = -125*p + 2. What is the tens digit of b(-1)?
2
Let b = -38 + 99. What is the units digit of b?
1
Suppose 2*o + 2 = 8. What is the units digit of -1*o - (-4 + -7)?
8
Suppose -4*h + 3*h = -9. Let d(t) = -t**3 + 8*t**2 + 11*t - 6. What is the units digit of d(h)?
2
Let w(l) = -4*l - 6. Suppose 4*h - 2*x - 22 = 0, 7 - 1 = 2*h + 4*x. Let v be 22/(-5) + 2/h. What is the units digit of w(v)?
0
Suppose 4*n - 112 = 2*n + o, 2*o = -4. What is the units digit of n?
5
Let i = 25 - 19. Suppose 0 = -4*v + 4 + 12. Suppose 0 = -v*q + p - 1 + i, -5*q + 2 = 3*p. What is the units digit of q?
1
Let f = 202 - 137. What is the tens digit of f?
6
Let i = -5 + 3. Let c be -6*(6/i - -2). Suppose -2*u = -5*u + c. What is the units digit of u?
2
Let q(n) = n**3 + 6*n**2 + 3*n + 2. What is the units digit of q(-5)?
2
Let m(u) = 13*u + 1. Let b be (6 + -7)*2*-1. What is the units digit of m(b)?
7
Let c(x) = -x**3 + 8*x**2 - 9*x + 8. Let b be c(7). What is the units digit of (-29)/(-2) - b/12?
5
Let w(p) = -35*p - 30. What is the units digit of w(-5)?
5
What is the units digit of (1*6)/(2106/696 + -3)?
2
Suppose 3*w - 2*u + 90 = -20, -4*w - 152 = -4*u. Let i = 56 + w. What is the units digit of i?
2
Let a be (15/(-12))/(3/12). Let d(f) = f**3 + 4*f**2 - 6*f + 4. What is the units digit of d(a)?
9
Let s = 118 - 74. What is the tens digit of s?
4
Suppose 3*l = -2*v - v + 3, -3*l + 5 = 2*v. Suppose -l*c - 34 = -4*c. What is the units digit of c?
4
Suppose -85 = -2*f - 7*z + 2*z, -f - 4*z = -47. What is the tens digit of f?
3
Let s(l) = l**2 - 6*l - 4. Let o be s(5). Let g = 19 + o. What is the units digit of g?
0
Let o(q) be the first derivative of 2*q**3/3 + q**2 - 4*q + 1. What is the units digit of o(-3)?
8
Let w be 1/((-3)/(-3)) - -4. Let j(b) = -b**2 + 3. Let s be j(0). Suppose -8 = -4*m - 2*c, 6 = 3*m + w*c - s*c. What is the units digit of m?
2
Let s be (3 - 1) + (0 - -6). Suppose -o = o + s. What is the units digit of (o - -4) + 2/1?
2
Let i = -15 + -5. Let f be ((-6)/5)/(6/i). What is the units digit of (f/(-3))/((-4)/18)?
6
Let q(i) = i**3 - 4*i**2 + i - 2. Let j be q(4). Suppose -t = j*t - 24. Suppose -2*v - 4*u + 4 = -0, 3*u = -4*v + t. What is the units digit of v?
2
Let c(j) = 8*j + 2. Let d be c(5). Suppose 2*u - 4*a - d = -3*u, -24 = -2*u + 4*a. Suppose -u*w + 15 = -w. What is the units digit of w?
3
Let u = 4 + -6. Let h be -3 - (0/u + -99). What is the units digit of h/15 + (-6)/15?
6
Let d(x) = x**2 - 4. Let i(m) = -m**2 - 6*m + 3. Let h be i(-7). What is the units digit of d(h)?
2
Let q(v) = -v + 1. Let x be q(-4). Suppose 4*t + 3 = x*t, -3*t = 4*o - 25. What is the units digit of o?
4
Let s(a) = -a**2 - 7*a + 11. Let d be s(-9). Let m = d + 12. What is the units digit of m?
5
Let m = -70 + 308. What is the tens digit of m?
3
Suppose 20 + 73 = 5*b + 4*t, t - 2 = 0. Let v be (4 - 0)*1*6. Let y = v - b. What is the units digit of y?
7
Let h(x) be the third derivative of -x**5/60 - 11*x**4/24 - x**3 - 3*x**2. What is the tens digit of h(-9)?
1
Suppose -4*a - 5*b = -30, 10 = 4*a - 4*b - b. Suppose -4*c + d = -9, 0 = -4*c - d - 2*d + a. Suppose -c*s + 14 = -0. What is the units digit of s?
7
Suppose c - 60 = -3*z, 5*z = 2*c + 3*z - 88. What is the units digit of c?
8
Let v(u) = -u. Let i be v(5). Let p(n) = -n**2 - 6*n + 1. Let f be p(i). Suppose 3*x - f = -4*w + 3*w, 0 = w + 4*x - 4. What is the units digit of w?
2
Let u = 27 - 16. Let b = u + 34. Suppose 0 = 4*y - f - 36, -6*f + f - b = -5*y. What is the units digit of y?
9
Suppose -74 = -5*x + 106. What is the units digit of x?
6
Let a(t) = -t**3 - 4*t**2 + 4. Let q be a(-4). Let n = 6 + -1. What is the units digit of 1*4 - (q - n)?
5
Let c be (-35)/(-3) - (-4)/12. Suppose -d - 4 = -c. What is the units digit of d?
8
Let a be (-2)/(1 - (-6)/(-3)). Suppose -4*b = -5*x - 65, a*b = 2*x - 3*x + 29. What is the tens digit of b?
1
Let k = -108 + 153. What is the units digit of k?
5
Suppose -2*b + 49 + 79 = 0. Suppose 5*j - 44 - 22 = -3*f, 2*f - b = -5*j. What is the tens digit of j?
1
Let j(u) = -20*u**3. Let m be -1*(2 - -5 - 2). Let w = -6 - m. What is the units digit of j(w)?
0
Let l(c) = -c**3. Let y(o) = -19*o**3 + o - 1. Let h(i) = 2*l(i) + y(i). Let s be h(1). What is the units digit of (s/(-9))/(1/3)?
7
Let j be (2 - -43)*12/5. Suppose 0 = -3*s + j - 6. What is the units digit of s?
4
Let l = -6 + 10. Let k be l/1 - (-2)/1. What is the units digit of (-2)/3 - (-46)/k?
7
Let n(x) = -2*x**3 - 3*x**2 + 2*x - 2. Suppose -2*b - 8 = 0, -2 = 4*o - 2*b + 2. What is the tens digit of n(o)?
1
Let t = 0 + 17. What is the units digit of t - 1/(-2)*-4?
5
Let a = 2 - -16. Suppose 4*b - 2*s = a, 2*s - 4 + 12 = -b. What is th